2
In base 8, what is 1211700 + 5?
1211705
In base 7, what is 340 - -4153?
4523
In base 15, what is -160 + 16d?
d
In base 9, what is -2845 - 4?
-2850
In base 16, what is e - -1eea?
1ef8
In base 7, what is 1345 + -20653?
-16305
In base 8, what is 5350 - -12?
5362
In base 10, what is -141 - -1837?
1696
In base 3, what is -21 - -1222100?
1222002
In base 3, what is -110 - 2112?
-2222
In base 9, what is -2 + -8471?
-8473
In base 13, what is -3 - 136b2?
-136b5
In base 10, what is -139836 - 3?
-139839
In base 8, what is 4 - 2135?
-2131
In base 11, what is -4 - 241264?
-241268
In base 16, what is -14f6 - 3a?
-1530
In base 13, what is 0 - -492c9?
492c9
In base 5, what is 124244232 - 1?
124244231
In base 13, what is 118 + 423?
53b
In base 3, what is 101 + 11120?
11221
In base 5, what is -33 + 104240?
104202
In base 2, what is 1110010 + -100101100100?
-100011110010
In base 11, what is 0 - -195144?
195144
In base 14, what is -2 - -762b?
7629
In base 11, what is -430 + -16?
-446
In base 8, what is -36217 - 5?
-36224
In base 8, what is -7217 + 217?
-7000
In base 15, what is 3e500 + -4?
3e4eb
In base 14, what is -479d1 - -2?
-479cd
In base 15, what is aab - 9?
aa2
In base 5, what is -1340 - 1341?
-3231
In base 11, what is -5 + 31a6?
31a1
In base 11, what is 401 - 514?
-113
In base 3, what is 20120002102022 + 10?
20120002102102
In base 9, what is 81138 - 0?
81138
In base 6, what is -2 - 114041?
-114043
In base 6, what is -4 + 14554151?
14554143
In base 2, what is 10 + 10010001100010?
10010001100100
In base 3, what is -222111 + 1220111?
221000
In base 6, what is -2441 + 4112?
1231
In base 4, what is -232 + 13023132?
13022300
In base 4, what is 3 - -1102033311?
1102033320
In base 7, what is -13045 - -44?
-13001
In base 15, what is 1c - 224?
-207
In base 2, what is -10101010010111100 - 1010?
-10101010011000110
In base 14, what is 2 + -112a?
-1128
In base 10, what is 0 + 2719?
2719
In base 4, what is 100 - 30212?
-30112
In base 9, what is 38 - -147302?
147341
In base 3, what is 2 + 1011011210?
1011011212
In base 6, what is 53243 + 45?
53332
In base 8, what is -1067637 + 0?
-1067637
In base 8, what is 47241 + 17?
47260
In base 7, what is 160004503 - -1?
160004504
In base 14, what is -6 + -b958?
-b960
In base 13, what is -4487 - -33?
-4454
In base 6, what is 1405514 + 11?
1405525
In base 16, what is 1 - 4d64?
-4d63
In base 13, what is -149a - 11?
-14ab
In base 13, what is -82a2 - -3?
-829c
In base 5, what is -2004 + -133?
-2142
In base 2, what is 1001110001110000111100 + -100?
1001110001110000111000
In base 13, what is -162 + -213?
-375
In base 8, what is 7021 + 160?
7201
In base 7, what is 5 + 1314166?
1314204
In base 4, what is 3 + -132313230?
-132313221
In base 13, what is -5 + 7c029?
7c024
In base 5, what is 10 + -104042?
-104032
In base 5, what is 221431132 + 0?
221431132
In base 2, what is 10 + -100111001010?
-100111001000
In base 5, what is 2 + 121213212?
121213214
In base 16, what is 4 - -66c00?
66c04
In base 5, what is -10 - -241314412?
241314402
In base 12, what is -1133 + 875?
-47a
In base 15, what is 136dd2 + -4?
136dcd
In base 13, what is -1 + 270365?
270364
In base 9, what is 6048 - 102?
5846
In base 2, what is -10010111110010 + 101?
-10010111101101
In base 8, what is -64 - 14412?
-14476
In base 3, what is -11101101200 + -2?
-11101101202
In base 15, what is -5 - 18a8?
-18ad
In base 8, what is 1 - 23251?
-23250
In base 7, what is 456 + -610?
-121
In base 4, what is -121 + -22202101?
-22202222
In base 2, what is -11 - -1000001001000001?
1000001000111110
In base 2, what is 1110000010111111110 + 101?
1110000011000000011
In base 3, what is -1100020 - 121202?
-1221222
In base 16, what is 51 - 5be9?
-5b98
In base 9, what is 5 - 421226?
-421221
In base 8, what is 3657 + 1416?
5275
In base 8, what is 112421 - 10?
112411
In base 16, what is -1b + b8cb?
b8b0
In base 11, what is 4 + 19a544?
19a548
In base 9, what is -2 + 352687?
352685
In base 13, what is -3c - -8a77?
8a38
In base 14, what is 85c9 + -b?
85bc
In base 2, what is 1110001001 - 110100?
1101010101
In base 4, what is 223222 - -10?
223232
In base 11, what is -147a - -15?
-1465
In base 15, what is b773 - -3?
b776
In base 3, what is 1 + -1002122101?
-1002122100
In base 14, what is -10532 + -1?
-10533
In base 9, what is -4107 - -184?
-3813
In base 2, what is 1100101111100101 - -100?
1100101111101001
In base 7, what is -6430 + 43?
-6354
In base 16, what is 172bc + -1?
172bb
In base 7, what is 155 + -15650?
-15462
In base 3, what is 1 + -1012121202?
-1012121201
In base 15, what is 5c - a2?
-45
In base 7, what is -202146 + -3?
-202152
In base 4, what is 13 - 110120300?
-110120221
In base 3, what is 1 - -1021022?
1021100
In base 2, what is -10 - -10001110001?
10001101111
In base 16, what is -5 - d2ce?
-d2d3
In base 16, what is 37 + 2778?
27af
In base 7, what is 4505013 + -2?
4505011
In base 14, what is -1bb - 79?
-256
In base 5, what is 101304 - 3000?
43304
In base 6, what is -14134051 - 2?
-14134053
In base 6, what is -50430 + 521?
-45505
In base 7, what is -11600230 - 4?
-11600234
In base 8, what is -2256 - -212?
-2044
In base 9, what is 6 + -3063?
-3056
In base 14, what is 27a58 + -c?
27a4a
In base 13, what is 6549 + 46?
6592
In base 10, what is 5 + -191254?
-191249
In base 13, what is 3328 + -2?
3326
In base 8, what is -4 + 467713?
467707
In base 5, what is 0 - -20224302?
20224302
In base 5, what is 0 + -44044023?
-44044023
In base 12, what is 12843 - 1?
12842
In base 10, what is 14065 + 11?
14076
In base 2, what is 100000011100001 + -1?
100000011100000
In base 2, what is 100101 - 1011011110?
-1010111001
In base 10, what is 158 + -13556?
-13398
In base 9, what is -5 - 1400144?
-1400150
In base 16, what is -17ae25 - -4?
-17ae21
In base 7, what is 2 - 13163?
-13161
In base 4, what is -1322332 - -10?
-1322322
In base 12, what is 2 + 2bb27?
2bb29
In base 15, what is -1a2 - 162?
-314
In base 6, what is 13310 + 3031?
20341
In base 15, what is -3a - -1b8?
17d
In base 8, what is -405142 + 4?
-405136
In base 8, what is -7 - 16603?
-16612
In base 2, what is -1001 - -1011110011100010?
1011110011011001
In base 7, what is -121 - 16540?
-16661
In base 13, what is 54878 + -3?
54875
In base 6, what is 44 - 132002?
-131514
In base 13, what is -1ab + -76?
-254
In base 9, what is -4 + 586371?
586366
In base 6, what is 10 - 3232040?
-3232030
In base 10, what is -115 - 590?
-705
In base 2, what is -11 + 101011101010110?
101011101010011
In base 15, what is 175 + -27b?
-106
In base 16, what is -1422 - 104?
-1526
In base 10, what is -1381 + -37?
-1418
In base 3, what is -100111 - -201011010?
200210122
In base 2, what is -111011101100011 - 0?
-111011101100011
In base 7, what is 4026343 - 3?
4026340
In base 13, what is -39423 + -21?
-39444
In base 7, what is 26212 - 4?
26205
In base 15, what is 4 - -2d156?
2d15a
In base 2, what is -10101001 - -110011001000?
110000011111
In base 14, what is -6984 + -9?
-698d
In base 9, what is 10 + -406?
-386
In base 14, what is -57d0 - -3?
-57cb
In base 10, what is 325 + 2795?
3120
In base 6, what is -332 + -233?
-1005
In base 5, what is -141 + 112330?
112134
In base 12, what is -93a7 + -5?
-93b0
In base 12, what is 7 + -182566?
-18255b
In base 10, what is 1 + -2671?
-2670
In base 12, what is 180b3 - 78?
18037
In base 12, what is -9 - 483?
-490
In base 14, what is 374 + 912?
c86
In base 9, what is 575 + 1?
576
In base 2, what is 11001100 - -11001000?
110010100
In base 14, what is -17b11 + 2?
-17b0d
In base 8, what is -12731 + -3?
-12734
In base 3, what is -111200101021 - 10?
-111200101101
In base 6, what is -35540 - 2052?
-42032
In base 12, what is 0 + -14119?
-14119
In base 16, what is -3 + 429c?
4299
In base 3, what is -10 + 22012202100?
22012202020
In base 13, what is -10920b + 0?
-10920b
In base 4, what is 0 + -111223100?
-111223100
In base 13, what is -5b3 - -204?
-3ac
In base 10, what is -57 + -1158?
-1215
In base 5, what is -2430041 + -3?
-2430044
In base 16, what is f - a7d5?
-a7c6
In base 8, what is 3 - -5630?
5633
In base 4, what is -11 - 2230300113?
-2230300130
In base 8, what is 62 - 1024?
-742
In base 14, what is -2dd - -269?
-74
In base 13, what is -1117 - b9?
-1203
In base 5, what is 3224 - 0?
3224
In base 3, what is -12212120202 - 2?
-12212120211
In base 13, what is 225 + 2c?
254